{"id":66,"date":"2023-11-04T09:47:12","date_gmt":"2023-11-04T08:47:12","guid":{"rendered":"https:\/\/uj.lipthay.hu\/?page_id=66"},"modified":"2023-11-05T19:16:51","modified_gmt":"2023-11-05T18:16:51","slug":"felnottkepzes","status":"publish","type":"page","link":"https:\/\/uj.lipthay.hu\/?page_id=66","title":{"rendered":"Feln\u0151ttk\u00e9pz\u00e9s"},"content":{"rendered":"<div id=\"wb_element_instance25_14\" class=\"wb_element wb_text_element\" data-plugin=\"TextArea\">\n<h2 class=\"wb-stl-custom42\" style=\"text-align: center;\" data-dnid=\"188\">FELN\u0150TTK\u00c9PZ\u00c9S<\/h2>\n<p class=\"wb-stl-custom8\" style=\"text-align: center;\" data-dnid=\"196\"><em>71 szakm\u00e1ra<\/em>\u00a0van k\u00e9pz\u00e9si enged\u00e9ly\u00fcnk:<\/p>\n<p class=\"wb-stl-custom6\" style=\"text-align: center;\" data-dnid=\"200\">\u2022Informatikai<\/p>\n<p class=\"wb-stl-custom6\" style=\"text-align: center;\" data-dnid=\"202\">\u2022Mez\u0151gazdas\u00e1gi<\/p>\n<p class=\"wb-stl-custom6\" style=\"text-align: center;\" data-dnid=\"204\">\u2022\u00c9lelmiszeripari<\/p>\n<p class=\"wb-stl-custom6\" style=\"text-align: center;\" data-dnid=\"206\">\u2022Vend\u00e9gl\u00e1t\u00f3-ipari<\/p>\n<p class=\"wb-stl-custom6\" style=\"text-align: center;\" data-dnid=\"208\">\u2022P\u00e9nz\u00fcgyi-sz\u00e1mviteli<\/p>\n<p class=\"wb-stl-custom6\" style=\"text-align: center;\" data-dnid=\"210\">\u2022Logisztikai<\/p>\n<p class=\"wb-stl-custom6\" style=\"text-align: center;\" data-dnid=\"218\">2020-ban \u00e1talakul az OKJ szakk\u00e9pz\u00e9si rendszer.<\/p>\n<p class=\"wb-stl-custom6\" style=\"text-align: center;\" data-dnid=\"220\">Aktu\u00e1lis h\u00edrek \u00e9s r\u00e9szletes inform\u00e1ci\u00f3k\u00a0a\u00a0<span data-dnid=\"1109\"><em><u>nive.hu<\/u><\/em><\/span>\u00a0oldalon olvashat\u00f3ak.<\/p>\n<h3 class=\"wb-stl-custom78\" style=\"text-align: center;\" data-dnid=\"222\"><\/h3>\n<p class=\"wb-stl-custom79\" style=\"text-align: center;\" data-dnid=\"228\">Feln\u0151ttk\u00e9pz\u00e9si nyilv\u00e1ntart\u00e1si\u00a0sz\u00e1m: B\/2020\/006362<\/p>\n<p class=\"wb-stl-custom79\" style=\"text-align: center;\" data-dnid=\"232\">Nyilv\u00e1ntart\u00e1sba v\u00e9tel ideje: 2013. november 12.<\/p>\n<p class=\"wb-stl-custom79\" style=\"text-align: center;\" data-dnid=\"236\">Feln\u0151ttk\u00e9pz\u00e9si enged\u00e9ly sz\u00e1m: E\/2021\/000028<\/p>\n<p class=\"wb-stl-custom6\" style=\"text-align: center;\" data-dnid=\"242\">\u00a0\u00a0Az 58\/2013 (XII.13.) NGM 2.\u00a7 (3) rendelet bekezd\u00e9se alapj\u00e1n biztos\u00edtjuk a k\u00e9pz\u00e9si programok hozz\u00e1f\u00e9r\u00e9s\u00e9t<\/p>\n<p class=\"wb-stl-custom6\" style=\"text-align: center;\" data-dnid=\"244\">az \u00fcgyf\u00e9lszolg\u00e1laton.<\/p>\n<p class=\"wb-stl-custom9\" style=\"text-align: center;\" data-dnid=\"252\">\u00dcgyf\u00e9lszolg\u00e1lat \u00e9s panaszkezel\u00e9s:<\/p>\n<p class=\"wb-stl-custom9\" style=\"text-align: center;\" data-dnid=\"254\">3170 Sz\u00e9cs\u00e9ny, Haynald Lajos utca 11. |Titk\u00e1rs\u00e1g|<\/p>\n<p class=\"wb-stl-custom9\" style=\"text-align: center;\" data-dnid=\"256\">H\u00e9tf\u0151-P\u00e9ntek 8:00-16:00<\/p>\n<p data-dnid=\"256\">!T\u00c1BL\u00c1ZAT!<\/p>\n<\/div>\n<p data-dnid=\"256\">\/alapkompetenci\u00e1k fejleszt\u00e9se\u00a0 \u00a0 E-00003\/2013\/D009\/<\/p>\n<p data-dnid=\"256\">Vizsgaeredm\u00e9nyek<\/p>\n<div id=\"wb_element_instance23_15\" class=\"wb_element wb_text_element\" data-plugin=\"TextArea\">\n<h4 class=\"wb-stl-custom4\" data-dnid=\"155\">OKJ VIZSGAEREDM\u00c9NYEK\u00a0 2014-2020<\/h4>\n<\/div>\n<div id=\"wb_element_instance24_15\" class=\"wb_element\" data-plugin=\"Button\"><a class=\"wb_button\" href=\"https:\/\/www.lipthay.hu\/gallery\/OKJ-s%20vizsgaeredm%C3%A9nyek%202014-ben%20(1)-ts1613821061.jpg\" data-popup-processed=\"true\">OKJ-s vizsgaeredm\u00e9nyek 2014<\/a><\/div>\n<div id=\"wb_element_instance25_15\" class=\"wb_element\" data-plugin=\"Button\"><a class=\"wb_button\" href=\"https:\/\/www.lipthay.hu\/gallery\/OKJ-s%20vizsgaeredm%C3%A9nyek%202015-ben%20(1)-ts1613821063.jpg\" data-popup-processed=\"true\">OKJ-s vizsgaeredm\u00e9nyek 2015<\/a><\/div>\n<div id=\"wb_element_instance26_15\" class=\"wb_element\" data-plugin=\"Button\"><a class=\"wb_button\" href=\"https:\/\/www.lipthay.hu\/gallery\/OKJ-s%20vizsgaeredm%C3%A9nyek%202016-ban%20(1)-ts1613821066.jpg\" data-popup-processed=\"true\">OKJ-s vizsgaeredm\u00e9nyek 2016<\/a><\/div>\n<div id=\"wb_element_instance27_15\" class=\"wb_element\" data-plugin=\"Button\"><a class=\"wb_button\" href=\"https:\/\/www.lipthay.hu\/gallery\/OKJ-s%20vizsgaeredm%C3%A9nyek%202017-ben%20(1)-ts1613821065.jpg\" data-popup-processed=\"true\">OKJ-s vizsgaeredm\u00e9nyek 2017<\/a><\/div>\n<div id=\"wb_element_instance28_15\" class=\"wb_element\" data-plugin=\"Button\"><a class=\"wb_button\" href=\"https:\/\/www.lipthay.hu\/gallery\/OKJ-s%20vizsgaeredm%C3%A9nyek%202018-ban%20(1)-ts1613821062.jpg\" data-popup-processed=\"true\">OKJ-s vizsgaeredm\u00e9nyek 2018<\/a><\/div>\n<div id=\"wb_element_instance29_15\" class=\"wb_element\" data-plugin=\"Button\"><a class=\"wb_button\" href=\"https:\/\/www.lipthay.hu\/gallery\/OKJ-s%20vizsgaeredm%C3%A9nyek%202019-ben%20(1)-ts1613821060.jpg\" data-popup-processed=\"true\">OKJ-s vizsgaeredm\u00e9nyek 2019<\/a><\/div>\n<div id=\"wb_element_instance30_15\" class=\"wb_element\" data-plugin=\"Button\"><a class=\"wb_button\" href=\"https:\/\/www.lipthay.hu\/gallery\/OKJ-s%20vizsgaeredm%C3%A9nyek%202020-ban%20(1)-ts1613821059.jpg\" data-popup-processed=\"true\">OKJ-s vizsgaeredm\u00e9nyek 2020<\/a><\/div>\n<p data-dnid=\"256\">Min\u0151s\u00e9gpolitika<\/p>\n<p data-dnid=\"256\"><a class=\"wb_button\" href=\"https:\/\/www.lipthay.hu\/gallery\/INT%C3%89ZM%C3%89NYI%20MIN%C5%90S%C3%89GPOLITIKA.pdf\" data-popup-processed=\"true\">Int\u00e9zm\u00e9nyi min\u0151s\u00e9gpolitika<\/a><\/p>\n<p data-dnid=\"256\">Panaszkezel\u00e9s<\/p>\n<div id=\"wb_element_instance25_17\" class=\"wb_element\" data-plugin=\"Button\"><a class=\"wb_button\" href=\"https:\/\/www.lipthay.hu\/gallery\/Panaszkezel%C3%A9si%20elj%C3%A1r%C3%A1s-ts1613909725.jpg\" data-popup-processed=\"true\">Panaszkezel\u00e9si elj\u00e1r\u00e1s<\/a><\/div>\n<div id=\"wb_element_instance26_17\" class=\"wb_element\" data-plugin=\"Button\"><a class=\"wb_button\" href=\"https:\/\/www.lipthay.hu\/gallery\/Panaszkezel%C3%A9si%20elj%C3%A1r%C3%A1s-A%20panaszok%20kezel%C3%A9s%C3%A9r%C5%91l...-ts1613910083.jpg\" data-popup-processed=\"true\">Panaszkezel\u00e9si elj\u00e1r\u00e1s &#8211; A panaszok kezel\u00e9s\u00e9r\u0151l sz\u00f3l\u00f3 dokumentum&#8230;<\/a><\/div>\n<div id=\"wb_element_instance27_17\" class=\"wb_element\" data-plugin=\"Button\"><a class=\"wb_button\" href=\"https:\/\/www.lipthay.hu\/gallery\/Panaszkezel%C3%A9si%20elj%C3%A1r%C3%A1s-Reklam%C3%A1ci%C3%B3s%20lap-ts1613909793.jpg\" data-popup-processed=\"true\">Reklam\u00e1ci\u00f3s lap<\/a><\/div>\n<div id=\"wb_element_instance28_17\" class=\"wb_element wb_element_shape\" data-plugin=\"Shape\">\n<div class=\"wb_shp\"><\/div>\n<\/div>\n<div id=\"wb_element_instance29_17\" class=\"wb_element wb_text_element\" data-plugin=\"TextArea\">\n<p class=\"wb-stl-custom49\" data-dnid=\"145\">Panasz eset\u00e9n k\u00e9rj\u00fck, t\u00f6ltse ki!<\/p>\n<\/div>\n<div id=\"wb_element_instance30_17\" class=\"wb_element\" data-plugin=\"Button\"><a class=\"wb_button\" href=\"https:\/\/www.lipthay.hu\/Kapcsolat\/\" data-popup-processed=\"true\">K\u00e9rd\u00e9se van? Vegye fel vel\u00fcnk a kapcsolatot!<\/a><\/div>\n","protected":false},"excerpt":{"rendered":"<p>FELN\u0150TTK\u00c9PZ\u00c9S 71 szakm\u00e1ra\u00a0van k\u00e9pz\u00e9si enged\u00e9ly\u00fcnk: \u2022Informatikai \u2022Mez\u0151gazdas\u00e1gi \u2022\u00c9lelmiszeripari \u2022Vend\u00e9gl\u00e1t\u00f3-ipari \u2022P\u00e9nz\u00fcgyi-sz\u00e1mviteli \u2022Logisztikai 2020-ban \u00e1talakul az OKJ szakk\u00e9pz\u00e9si rendszer. Aktu\u00e1lis h\u00edrek \u00e9s r\u00e9szletes inform\u00e1ci\u00f3k\u00a0a\u00a0nive.hu\u00a0oldalon olvashat\u00f3ak. Feln\u0151ttk\u00e9pz\u00e9si nyilv\u00e1ntart\u00e1si\u00a0sz\u00e1m: B\/2020\/006362 Nyilv\u00e1ntart\u00e1sba v\u00e9tel ideje: 2013. november 12. Feln\u0151ttk\u00e9pz\u00e9si enged\u00e9ly sz\u00e1m: E\/2021\/000028 \u00a0\u00a0Az 58\/2013 (XII.13.) NGM 2.\u00a7 (3) rendelet bekezd\u00e9se alapj\u00e1n biztos\u00edtjuk a k\u00e9pz\u00e9si programok hozz\u00e1f\u00e9r\u00e9s\u00e9t az \u00fcgyf\u00e9lszolg\u00e1laton. \u00dcgyf\u00e9lszolg\u00e1lat \u00e9s panaszkezel\u00e9s: [&hellip;]<\/p>\n","protected":false},"author":1,"featured_media":0,"parent":0,"menu_order":6,"comment_status":"closed","ping_status":"closed","template":"","meta":{"footnotes":""},"class_list":["post-66","page","type-page","status-publish","hentry"],"_links":{"self":[{"href":"https:\/\/uj.lipthay.hu\/index.php?rest_route=\/wp\/v2\/pages\/66","targetHints":{"allow":["GET"]}}],"collection":[{"href":"https:\/\/uj.lipthay.hu\/index.php?rest_route=\/wp\/v2\/pages"}],"about":[{"href":"https:\/\/uj.lipthay.hu\/index.php?rest_route=\/wp\/v2\/types\/page"}],"author":[{"embeddable":true,"href":"https:\/\/uj.lipthay.hu\/index.php?rest_route=\/wp\/v2\/users\/1"}],"replies":[{"embeddable":true,"href":"https:\/\/uj.lipthay.hu\/index.php?rest_route=%2Fwp%2Fv2%2Fcomments&post=66"}],"version-history":[{"count":6,"href":"https:\/\/uj.lipthay.hu\/index.php?rest_route=\/wp\/v2\/pages\/66\/revisions"}],"predecessor-version":[{"id":227,"href":"https:\/\/uj.lipthay.hu\/index.php?rest_route=\/wp\/v2\/pages\/66\/revisions\/227"}],"wp:attachment":[{"href":"https:\/\/uj.lipthay.hu\/index.php?rest_route=%2Fwp%2Fv2%2Fmedia&parent=66"}],"curies":[{"name":"wp","href":"https:\/\/api.w.org\/{rel}","templated":true}]}}